tor of 44 and 6226?
22
What is the highest common factor of 28 and 476?
28
What is the greatest common divisor of 4602 and 2832?
354
Calculate the highest common factor of 1788 and 60.
12
Calculate the highest common divisor of 181 and 62.
1
What is the greatest common divisor of 289 and 153?
17
What is the greatest common factor of 399 and 63?
21
Calculate the greatest common divisor of 3552 and 96.
96
What is the greatest common divisor of 260 and 104?
52
What is the highest common factor of 815 and 20?
5
Calculate the highest common factor of 207 and 36.
9
Calculate the highest common divisor of 9 and 45.
9
What is the greatest common divisor of 45 and 180?
45
What is the highest common divisor of 828 and 27?
9
What is the greatest common divisor of 131 and 82792?
131
What is the greatest common factor of 364 and 56?
28
What is the highest common divisor of 198 and 99?
99
What is the highest common factor of 230 and 70?
10
Calculate the highest common divisor of 280 and 35.
35
Calculate the greatest common factor of 1204 and 56.
28
What is the highest common factor of 1146 and 3?
3
What is the highest common divisor of 234 and 126?
18
Calculate the greatest common factor of 12 and 972.
12
What is the greatest common divisor of 180 and 558?
18
Calculate the greatest common factor of 77371 and 49.
49
What is the greatest common factor of 5 and 115?
5
What is the highest common factor of 13 and 1833?
13
Calculate the greatest common factor of 238 and 153.
17
Calculate the highest common factor of 2 and 2518.
2
What is the greatest common factor of 19 and 2945?
19
Calculate the highest common factor of 3 and 879.
3
Calculate the highest common factor of 81 and 18.
9
What is the greatest common factor of 20271 and 87?
87
What is the highest common divisor of 1300 and 40?
20
What is the greatest common factor of 202 and 1313?
101
Calculate the greatest common divisor of 64 and 904.
8
Calculate the greatest common factor of 10 and 1030.
10
Calculate the greatest common factor of 3006 and 18.
18
What is the greatest common divisor of 900 and 72?
36
Calculate the highest common factor of 3650 and 50.
50
What is the highest common factor of 75 and 5325?
75
Calculate the highest common factor of 156 and 180.
12
What is the greatest common factor of 8 and 4084?
4
Calculate the greatest common divisor of 112 and 4560.
16
Calculate the highest common factor of 10 and 162.
2
What is the highest common factor of 25 and 845?
5
Calculate the greatest common divisor of 6 and 132.
6
Calculate the greatest common factor of 476 and 126.
14
What is the greatest common factor of 65 and 1105?
65
Calculate the highest common factor of 71 and 355.
71
What is the highest common divisor of 400 and 1700?
100
Calculate the greatest common factor of 3024 and 84.
84
Calculate the greatest common factor of 2763 and 45.
9
Calculate the highest common divisor of 104 and 8.
8
What is the highest common divisor of 1 and 676?
1
What is the greatest common factor of 20685 and 15?
15
What is the greatest common divisor of 1116 and 288?
36
What is the greatest common divisor of 18 and 15894?
18
What is the highest common factor of 1547 and 4403?
119
Calculate the greatest common divisor of 42 and 33.
3
What is the highest common divisor of 50 and 4?
2
Calculate the greatest common divisor of 300 and 2550.
150
Calculate the highest common divisor of 32 and 2384.
16
What is the highest common divisor of 20 and 1460?
20
Calculate the greatest common factor of 14 and 1134.
14
Calculate the greatest common factor of 17 and 476.
17
What is the highest common divisor of 444 and 24?
12
Calculate the highest common divisor of 33 and 17259.
33
What is the highest common divisor of 4 and 716?
4
Calculate the highest common factor of 125 and 20.
5
Calculate the greatest common divisor of 328 and 123.
41
What is the greatest common factor of 217 and 930?
31
Calculate the greatest common factor of 96 and 6.
6
Calculate the greatest common divisor of 689 and 169.
13
Calculate the greatest common factor of 36 and 288.
36
What is the greatest common divisor of 11 and 2321?
11
Calculate the greatest common divisor of 73 and 2044.
73
Calculate the highest common divisor of 103 and 2.
1
Calculate the highest common divisor of 29 and 35699.
29
Calculate the greatest common divisor of 5258 and 176.
22
What is the highest common factor of 6290 and 340?
170
Calculate the highest common factor of 54 and 3888.
54
Calculate the highest common factor of 8141 and 77.
7
What is the highest common factor of 264 and 120?
24
Calculate the greatest common factor of 300 and 120.
60
What is the highest common divisor of 1078 and 49?
49
Calculate the greatest common factor of 1143 and 45.
9
What is the greatest common factor of 171 and 285?
57
What is the greatest common factor of 87 and 324?
3
Calculate the highest common divisor of 385 and 7.
7
Calculate the highest common factor of 23 and 11201.
23
What is the highest common factor of 51 and 16?
1
What is the greatest common divisor of 12 and 124?
4
Calculate the greatest common factor of 845 and 520.
65
What is the greatest common factor of 1 and 2?
1
Calculate the greatest common factor of 1368 and 72.
72
What is the greatest common factor of 76 and 380?
76
What is the greatest common factor of 155 and 25?
5
Calculate the highest common divisor of 264 and 924.
132
What is the highest common divisor of 900 and 990?
90
What is the highest common factor of 252 and 828?
36
What is the greatest common factor of 143 and 3497?
13
Calculate the highest common factor of 120 and 3240.
120
What is the greatest common factor of 61 and 6893?
61
What is the highest common divisor of 908 and 14?
2
What is the greatest common factor of 31 and 1519?
31
Calculate the greatest common factor of 75 and 2775.
75
What is the highest common divisor of 80 and 100?
20
What is the greatest common factor of 259 and 1961?
37
What is the greatest common factor of 1302 and 1116?
186
What is the greatest common divisor of 62 and 6386?
62
Calculate the greatest common factor of 12375 and 198.
99
Calculate the greatest common divisor of 65 and 13.
13
What is the greatest common factor of 9713 and 33?
11
Calculate the highest common divisor of 3000 and 20.
20
Calculate the highest common divisor of 705 and 420.
15
What is the greatest common divisor of 287 and 4387?
41
What is the highest common factor of 288 and 7008?
96
What is the greatest common divisor of 2 and 3?
1
Calculate the greatest common divisor of 8865 and 405.
45
What is the greatest common factor of 1330 and 70?
70
Calculate the highest common factor of 62784 and 36.
36
Calculate the greatest common divisor of 396 and 297.
99
Calculate the greatest common factor of 60 and 150.
30
What is the highest common factor of 1133 and 103?
103
What is the greatest common divisor of 28291 and 19?
19
Calculate the highest common factor of 1333 and 217.
31
Calculate the greatest common divisor of 90 and 50.
10
What is the greatest common factor of 3708 and 324?
36
Calculate the highest common factor of 58128 and 346.
346
What is the highest common divisor of 70 and 560?
70
Calculate the highest common divisor of 1 and 19.
1
What is the greatest common factor of 969 and 1377?
51
Calculate the highest common factor of 60 and 5868.
12
What is the highest common factor of 108 and 3006?
18
What is the highest common factor of 2409 and 33?
33
Calculate the highest common factor of 36 and 450.
18
What is the greatest common factor of 1218 and 348?
174
Calculate the greatest common factor of 92 and 3772.
92
Calculate the greatest common factor of 252 and 261.
9
What is the greatest common factor of 132 and 4596?
12
Calculate the greatest common divisor of 1632 and 68.
68
Calculate the greatest common factor of 99 and 957.
33
What is the greatest common divisor of 5663 and 7?
7
What is the greatest common divisor of 260 and 320?
20
What is the highest common divisor of 6368 and 96?
32
What is the highest common factor of 2 and 922?
2
What is the greatest common factor of 610 and 50?
10
Calculate the greatest common factor of 24 and 348.
12
Calculate the highest common divisor of 340 and 20.
20
Calculate the highest common divisor of 4 and 11816.
4
